7
List the prime factors of 14380.
2, 5, 719
What are the prime factors of 10499?
10499
List the prime factors of 1190.
2, 5, 7, 17
List the prime factors of 2725.
5, 109
List the prime factors of 9384.
2, 3, 17, 23
What are the prime factors of 4250?
2, 5, 17
What are the prime factors of 5834?
2, 2917
What are the prime factors of 78?
2, 3, 13
List the prime factors of 139226.
2, 67, 1039
List the prime factors of 7879.
7879
List the prime factors of 4948.
2, 1237
List the prime factors of 2420.
2, 5, 11
What are the prime factors of 3922?
2, 37, 53
List the prime factors of 15381.
3, 1709
What are the prime factors of 229?
229
What are the prime factors of 353?
353
What are the prime factors of 391?
17, 23
What are the prime factors of 90629?
7, 11, 107
List the prime factors of 11821.
11821
What are the prime factors of 3937?
31, 127
List the prime factors of 2475.
3, 5, 11
What are the prime factors of 8699?
8699
List the prime factors of 6407.
43, 149
What are the prime factors of 1105?
5, 13, 17
List the prime factors of 312.
2, 3, 13
What are the prime factors of 40977?
3, 29, 157
What are the prime factors of 44821?
7, 19, 337
What are the prime factors of 16292?
2, 4073
What are the prime factors of 17808?
2, 3, 7, 53
What are the prime factors of 2444?
2, 13, 47
List the prime factors of 2272.
2, 71
List the prime factors of 1483.
1483
What are the prime factors of 13418?
2, 6709
What are the prime factors of 86487?
3, 127, 227
What are the prime factors of 2950?
2, 5, 59
What are the prime factors of 1840?
2, 5, 23
List the prime factors of 3480.
2, 3, 5, 29
What are the prime factors of 2245?
5, 449
What are the prime factors of 1546?
2, 773
List the prime factors of 116422.
2, 58211
What are the prime factors of 17904?
2, 3, 373
What are the prime factors of 10376?
2, 1297
List the prime factors of 661.
661
List the prime factors of 10077.
3, 3359
List the prime factors of 368.
2, 23
What are the prime factors of 348?
2, 3, 29
What are the prime factors of 16405?
5, 17, 193
What are the prime factors of 2407?
29, 83
List the prime factors of 439.
439
List the prime factors of 5834.
2, 2917
List the prime factors of 7192.
2, 29, 31
List the prime factors of 51890.
2, 5, 5189
What are the prime factors of 196390?
2, 5, 41, 479
What are the prime factors of 47920?
2, 5, 599
What are the prime factors of 3316?
2, 829
What are the prime factors of 75736?
2, 9467
List the prime factors of 14434.
2, 7, 1031
What are the prime factors of 458?
2, 229
List the prime factors of 47369.
7, 67, 101
List the prime factors of 588.
2, 3, 7
List the prime factors of 633.
3, 211
List the prime factors of 84584.
2, 97, 109
List the prime factors of 1517.
37, 41
List the prime factors of 1366.
2, 683
List the prime factors of 6473.
6473
What are the prime factors of 18553?
18553
List the prime factors of 12093.
3, 29, 139
What are the prime factors of 31227?
3, 7, 1487
What are the prime factors of 868?
2, 7, 31
What are the prime factors of 7464?
2, 3, 311
List the prime factors of 21746.
2, 83, 131
List the prime factors of 32518.
2, 71, 229
List the prime factors of 19604.
2, 13, 29
What are the prime factors of 50337?
3, 7, 17, 47
What are the prime factors of 99?
3, 11
What are the prime factors of 47683?
41, 1163
What are the prime factors of 1118?
2, 13, 43
What are the prime factors of 3027?
3, 1009
List the prime factors of 8767.
11, 797
List the prime factors of 392.
2, 7
List the prime factors of 2227.
17, 131
What are the prime factors of 1461?
3, 487
List the prime factors of 21391.
21391
What are the prime factors of 6831?
3, 11, 23
What are the prime factors of 18167?
37, 491
List the prime factors of 31501.
17, 109
List the prime factors of 7071.
3, 2357
List the prime factors of 10374.
2, 3, 7, 13, 19
What are the prime factors of 38501?
38501
List the prime factors of 3483.
3, 43
List the prime factors of 15467.
15467
What are the prime factors of 687?
3, 229
What are the prime factors of 367?
367
List the prime factors of 7583.
7583
List the prime factors of 383.
383
What are the prime factors of 10737?
3, 1193
What are the prime factors of 291?
3, 97
What are the prime factors of 44063?
139, 317
List the prime factors of 872.
2, 109
What are the prime factors of 590?
2, 5, 59
List the prime factors of 3193.
31, 103
List the prime factors of 17775.
3, 5, 79
List the prime factors of 64493.
11, 13, 41
List the prime factors of 1217.
1217
What are the prime factors of 1372?
2, 7
List the prime factors of 3379.
31, 109
What are the prime factors of 2980?
2, 5, 149
List the prime factors of 22569.
3, 7523
List the prime factors of 919.
919
What are the prime factors of 112664?
2, 14083
What are the prime factors of 4657?
4657
List the prime factors of 32420.
2, 5, 1621
What are the prime factors of 4934?
2, 2467
What are the prime factors of 14240?
2, 5, 89
What are the prime factors of 19017?
3, 2113
What are the prime factors of 1684?
2, 421
What are the prime factors of 166476?
2, 3, 13873
List the prime factors of 2628.
2, 3, 73
List the prime factors of 302.
2, 151
List the prime factors of 5257.
7, 751
List the prime factors of 36977.
103, 359
List the prime factors of 1563.
3, 521
What are the prime factors of 15140?
2, 5, 757
List the prime factors of 54642.
2, 3, 7, 1301
List the prime factors of 7216.
2, 11, 41
What are the prime factors of 390?
2, 3, 5, 13
List the prime factors of 2086.
2, 7, 149
What are the prime factors of 622?
2, 311
List the prime factors of 15181.
17, 19, 47
List the prime factors of 99609.
3, 33203
What are the prime factors of 311?
311
List the prime factors of 413.
7, 59
List the prime factors of 10751.
13, 827
List the prime factors of 15961.
11, 1451
List the prime factors of 534.
2, 3, 89
What are the prime factors of 5242?
2, 2621
List the prime factors of 31618.
2, 15809
What are the prime factors of 8672?
2, 271
What are the prime factors of 108556?
2, 7, 3877
What are the prime factors of 2691?
3, 13, 23
What are the prime factors of 4674?
2, 3, 19, 41
What are the prime factors of 507?
3, 13
What are the prime factors of 121035?
3, 5, 8069
List the prime factors of 752.
2, 47
List the prime factors of 16004.
2, 4001
What are the prime factors of 97857?
3, 83, 131
What are the prime factors of 2288?
2, 11, 13
What are the prime factors of 3333?
3, 11, 101
What are the prime factors of 3968?
2, 31
What are the prime factors of 1249?
1249
What are the prime factors of 7248?
2, 3, 151
What are the prime factors of 455?
5, 7, 13
List the prime factors of 3276.
2, 3, 7, 13
What are the prime factors of 3182?
2, 37, 43
List the prime factors of 1539.
3, 19
List the prime factors of 272.
2, 17
What are the prime factors of 4974?
2, 3, 829
List the prime factors of 5100.
2, 3, 5, 17
What are the prime factors of 164?
2, 41
List the prime factors of 40496.
2, 2531
List the prime factors of 127698.
2, 3, 21283
List the prime factors of 17009.
73, 233
What are the prime factors of 27714?
2, 3, 31, 149
What are the prime factors of 184724?
2, 46181
List the prime factors of 211.
211
What are the prime factors of 1381?
1381
What are the prime factors of 116332?
2, 127, 229
List the prime factors of 8724.
2, 3, 727
What are the prime factors of 1370?
2, 5, 137
What are the prime factors of 7714?
2, 7, 19, 29
What are the prime factors of 917?
7, 131
What are the prime factors of 22637?
22637
List the prime factors of 13069.
7, 1867
What are the prime factors of 64552?
2, 8069
List the prime factors of 831.
3, 277
What are the prime factors of 4540?
2, 5, 227
What are the prime factors of 527?
17, 31
List the prime factors of 5476.
2, 37
List the prime factors of 1030.
2, 5, 103
List the prime factors of 11529.
3, 7, 61
What are the prime factors of 1348?
2, 337
What are the prime factors of 18360?
2, 3, 5, 17
What are the prime factors of 92898?
2, 3, 13, 397
What are the prime factors of 65?
5, 13
What are the prime factors of 4946?
2, 2473
What are the prime factors of 33906?
2, 3, 5651
List the prime factors of 1640.
2, 5, 41
List the prime factors of 987.
3, 7, 47
List the prime factors of 40681.
17, 2393
List the prime factors of 26180.
2, 5, 7, 11, 17
List the prime factors of 5265.
3, 5, 13
Li